ulate the remainder when 77 is divided by 41.
36
Calculate the remainder when 291 is divided by 105.
81
What is the remainder when 209 is divided by 42?
41
What is the remainder when 127 is divided by 28?
15
Calculate the remainder when 192 is divided by 41.
28
What is the remainder when 305 is divided by 63?
53
What is the remainder when 4599 is divided by 46?
45
Calculate the remainder when 367 is divided by 27.
16
Calculate the remainder when 131 is divided by 33.
32
Calculate the remainder when 3110 is divided by 11.
8
Calculate the remainder when 163 is divided by 41.
40
What is the remainder when 675 is divided by 98?
87
What is the remainder when 573 is divided by 538?
35
What is the remainder when 10430 is divided by 19?
18
Calculate the remainder when 645 is divided by 130.
125
What is the remainder when 366 is divided by 115?
21
What is the remainder when 4710 is divided by 235?
10
What is the remainder when 125 is divided by 56?
13
Calculate the remainder when 271 is divided by 91.
89
Calculate the remainder when 1159 is divided by 5.
4
What is the remainder when 283 is divided by 28?
3
What is the remainder when 253 is divided by 48?
13
Calculate the remainder when 132 is divided by 35.
27
Calculate the remainder when 220 is divided by 212.
8
Calculate the remainder when 140 is divided by 18.
14
What is the remainder when 204 is divided by 41?
40
Calculate the remainder when 3262 is divided by 71.
67
Calculate the remainder when 229 is divided by 75.
4
What is the remainder when 5810 is divided by 102?
98
Calculate the remainder when 54 is divided by 37.
17
Calculate the remainder when 7796 is divided by 113.
112
What is the remainder when 108 is divided by 67?
41
What is the remainder when 284 is divided by 48?
44
Calculate the remainder when 1288 is divided by 116.
12
Calculate the remainder when 399 is divided by 134.
131
What is the remainder when 287 is divided by 14?
7
What is the remainder when 297 is divided by 75?
72
What is the remainder when 4974 is divided by 13?
8
What is the remainder when 4968 is divided by 4954?
14
What is the remainder when 13 is divided by 8?
5
Calculate the remainder when 27306 is divided by 47.
46
What is the remainder when 273 is divided by 47?
38
Calculate the remainder when 339 is divided by 10.
9
What is the remainder when 1190 is divided by 182?
98
Calculate the remainder when 510 is divided by 8.
6
What is the remainder when 48 is divided by 34?
14
Calculate the remainder when 427 is divided by 231.
196
Calculate the remainder when 557 is divided by 352.
205
What is the remainder when 8902 is divided by 53?
51
What is the remainder when 457 is divided by 63?
16
What is the remainder when 514 is divided by 25?
14
What is the remainder when 499 is divided by 53?
22
Calculate the remainder when 18 is divided by 6.
0
What is the remainder when 3310 is divided by 65?
60
Calculate the remainder when 28462 is divided by 16.
14
Calculate the remainder when 955 is divided by 104.
19
Calculate the remainder when 3057 is divided by 28.
5
What is the remainder when 48 is divided by 15?
3
What is the remainder when 329 is divided by 21?
14
Calculate the remainder when 718 is divided by 173.
26
What is the remainder when 12545 is divided by 51?
50
What is the remainder when 579 is divided by 124?
83
Calculate the remainder when 17950 is divided by 102.
100
Calculate the remainder when 616 is divided by 306.
4
What is the remainder when 599 is divided by 42?
11
What is the remainder when 872 is divided by 146?
142
Calculate the remainder when 2472 is divided by 33.
30
Calculate the remainder when 112 is divided by 11.
2
Calculate the remainder when 142 is divided by 38.
28
What is the remainder when 1862 is divided by 46?
22
What is the remainder when 193 is divided by 103?
90
What is the remainder when 525 is divided by 127?
17
Calculate the remainder when 312 is divided by 93.
33
Calculate the remainder when 6688 is divided by 93.
85
Calculate the remainder when 118 is divided by 11.
8
What is the remainder when 331 is divided by 25?
6
Calculate the remainder when 165 is divided by 34.
29
Calculate the remainder when 299 is divided by 83.
50
What is the remainder when 403 is divided by 125?
28
Calculate the remainder when 665 is divided by 124.
45
Calculate the remainder when 243 is divided by 36.
27
Calculate the remainder when 560 is divided by 51.
50
What is the remainder when 373 is divided by 24?
13
What is the remainder when 13 is divided by 11?
2
Calculate the remainder when 41 is divided by 4.
1
What is the remainder when 993 is divided by 240?
33
What is the remainder when 1276 is divided by 5?
1
Calculate the remainder when 177 is divided by 37.
29
Calculate the remainder when 1895 is divided by 269.
12
What is the remainder when 431 is divided by 131?
38
Calculate the remainder when 471 is divided by 91.
16
What is the remainder when 44 is divided by 5?
4
Calculate the remainder when 1293 is divided by 62.
53
Calculate the remainder when 58 is divided by 13.
6
Calculate the remainder when 1099 is divided by 11.
10
Calculate the remainder when 150 is divided by 51.
48
What is the remainder when 1926 is divided by 637?
15
Calculate the remainder when 132 is divided by 72.
60
Calculate the remainder when 217 is divided by 47.
29
Calculate the remainder when 1171 is divided by 23.
21
What is the remainder when 5310 is divided by 95?
85
What is the remainder when 73 is divided by 70?
3
What is the remainder when 575 is divided by 150?
125
What is the remainder when 89 is divided by 32?
25
What is the remainder when 446 is divided by 36?
14
What is the remainder when 305 is divided by 148?
9
What is the remainder when 49 is divided by 15?
4
Calculate the remainder when 12262 is divided by 5.
2
What is the remainder when 7214 is divided by 82?
80
What is the remainder when 1281 is divided by 65?
46
What is the remainder when 394 is divided by 57?
52
Calculate the remainder when 135 is divided by 68.
67
What is the remainder when 1066 is divided by 97?
96
Calculate the remainder when 6264 is divided by 190.
184
Calculate the remainder when 1048 is divided by 56.
40
Calculate the remainder when 561 is divided by 181.
18
What is the remainder when 1794 is divided by 134?
52
Calculate the remainder when 14935 is divided by 154.
151
Calculate the remainder when 270 is divided by 37.
11
What is the remainder when 25533 is divided by 336?
333
What is the remainder when 404 is divided by 27?
26
Calculate the remainder when 137 is divided by 30.
17
Calculate the remainder when 100 is divided by 37.
26
Calculate the remainder when 20702 is divided by 21.
17
Calculate the remainder when 896 is divided by 29.
26
What is the remainder when 3957 is divided by 66?
63
Calculate the remainder when 371 is divided by 17.
14
What is the remainder when 214 is divided by 37?
29
Calculate the remainder when 3641 is divided by 22.
11
Calculate the remainder when 65 is divided by 17.
14
What is the remainder when 190 is divided by 96?
94
Calculate the remainder when 297 is divided by 50.
47
What is the remainder when 1492 is divided by 17?
13
Calculate the remainder when 988 is divided by 66.
64
What is the remainder when 361 is divided by 118?
7
What is the remainder when 83 is divided by 10?
3
What is the remainder when 60 is divided by 20?
0
Calculate the remainder when 363 is divided by 113.
24
What is the remainder when 200 is divided by 21?
11
What is the remainder when 69 is divided by 8?
5
Calculate the remainder when 89 is divided by 72.
17
Calculate the remainder when 1102 is divided by 114.
76
What is the remainder when 1446 is divided by 477?
15
Calculate the remainder when 50 is divided by 11.
6
What is the remainder when 2210 is divided by 159?
143
What is the remainder when 11 is divided by 2?
1
What is the remainder when 3509 is divided by 117?
116
What is the remainder when 634 is divided by 71?
66
What is the remainder when 129 is divided by 7?
3
Calculate the remainder when 144 is divided by 127.
17
What is the remainder when 6421 is divided by 189?
184
What is the remainder when 3950 is divided by 35?
30
Calculate the remainder when 3142 is divided by 12.
10
Calculate the remainder when 1118 is div